5). Suppose -4*k = -2*k - i. Let m(h) = 7*h - 1. Calculate m(k).
6
Let a(i) = 2*i**3 - i**2 + i - 1. Suppose 0 = -28*t - 20 + 76. Calculate a(t).
13
Let v(r) = 9*r**2 + 11*r + 1. Let o(h) = 8*h**2 + 9*h + 1. Let y(p) = 5*o(p) - 4*v(p). Determine y(-1).
4
Let j(d) be the second derivative of 3*d**4/4 + d**3/3 + d**2/2 + d. Suppose 14*i - 19*i - 4*s = -3, 5*i = 5*s - 15. Calculate j(i).
8
Let j(x) = -42494*x**2 + x**3 + 8 + 10*x - 3*x + 42500*x**2. Calculate j(-5).
-2
Let b(z) = 2*z**3 - 8*z - 5. Let q(m) = 5*m**3 + m**2 - 17*m - 11. Let f = 84 - 81. Let p(h) = f*q(h) - 7*b(h). Suppose 0 = 3*y + y + 12. Determine p(y).
-13
Let m(d) = 2*d**3 + 7*d**2 + 9. Let l(z) = 10*z**2 - 20 - 5*z**3 - 25*z**2 + 0*z - z. Let h(t) = -3*l(t) - 7*m(t). Calculate h(3).
-3
Let b(k) = 3*k - 3. Let u be 16/6*(-1 - 2). Let j(i) = -2*i + 13. Let r be j(0). Let a = u + r. Calculate b(a).
12
Let a(k) be the third derivative of -k**7/2520 + k**6/120 - k**5/20 - k**4/24 - 5*k**3/6 + 16*k**2 + 1. Let m(n) be the second derivative of a(n). Give m(6).
-6
Suppose 5*a - 6 = 2*a. Let x = 25 + -6. Suppose l - 2 = -3*q, 4*q = a*l + l - x. Let p(k) = k**3 - 5*k**2 - 2*k + 3. Determine p(l).
-7
Let f(z) = -z**3 + 3*z**2 + 3. Let b be f(0). Let t(y) = 2*y**2 - y**2 + 0*y**2 + y**2 + 2 - 5*y. Determine t(b).
5
Let r(p) = 14716*p**2 - 5 + 1 - 4 - 14717*p**2 + 2 - 7*p. What is r(-2)?
4
Let s = -8 - -16. Let c = -8 + s. Let y(t) = -t**3 + t**2 + 5. Calculate y(c).
5
Let z = 12 - 7. Suppose -2*a - 1 + z = 0. Let d(t) = 4*t + a + 3*t - 16*t + 7*t. Give d(7).
-12
Let j(f) = -f + 3*f**2 - f**3 + 12 - 10 - 2*f**2. Let p be j(0). Let a(o) = 10 + p*o + 4*o - 8 + o**2 - 4*o. What is a(-3)?
5
Let c(g) = -g**2 + 8*g - 1. Suppose -5*o + 4*r = -47, -51 - 3 = -4*o - 5*r. Let i(k) = -k**2 + 15*k - 2. Let p(w) = o*c(w) - 6*i(w). Calculate p(1).
-6
Let v(n) be the third derivative of n**5/60 + 13*n**4/24 - 16*n**3/3 + 201*n**2. Determine v(-15).
-2
Suppose 4*q = -i + 6*q + 8, 3*q + 15 = 0. Let m be (6 - i)*2/4. Suppose 3*t - 5*z + 13 = -m*z, 0 = -3*t + 4*z - 25. Let h(w) = -w - 2. Give h(t).
1
Let s(f) = -f. Let t(n) = -2*n**2 + 55*n + 31. Let j be t(26). Let m = j + -114. Give s(m).
5
Suppose -46 = 31*q + 140. Let d(x) = x**3 + 6*x**2 - 2*x - 8. What is d(q)?
4
Let s(r) be the third derivative of -r**6/120 + r**5/30 + r**4/8 + 2*r**3/3 + 2*r**2 - 393. Let y = -26 + 36. Let h = y + -7. Give s(h).
4
Let i(t) be the third derivative of t**6/120 + t**5/30 - t**4/6 - t**3/2 + 523*t**2. Let u = -10 - -7. Calculate i(u).
0
Let n(d) = -2*d**2 + 4. Let x = 35 - 33. Let r be n(x). Let s(b) = -3*b - 1. What is s(r)?
11
Let a be 497/15 - 2/15. Let r = 34 - a. Let u(v) = -v - 1. What is u(r)?
-2
Let r(l) = 11*l + 7. Let i(j) be the first derivative of -13*j**2/2 - 7*j - 17. Let x(t) = 5*i(t) + 6*r(t). What is x(-5)?
2
Let b(w) = 7713 + 2*w**2 - 3*w**2 - 7765 - 20*w. What is b(-17)?
-1
Let x(u) = 1 + 17*u + 9*u - 3 - 24*u. Let d(p) = 2*p + 3. Let n be d(-3). Calculate x(n).
-8
Suppose 0 = 3*c + 5*n + 11, 2*n + 5 = -c - 0*n. Let d(s) = 11 + 2*s**2 - 8 - s**2. What is d(c)?
12
Let b be ((-50)/20)/(20/16). Let v(h) = -h**2 + h. Determine v(b).
-6
Let m(p) be the first derivative of -2*p**3/3 - 2*p**2 + p - 4. Let d be -3 + 5 + 1 + -6. Calculate m(d).
-5
Suppose 2*h = 4*r + 214, 2*h - 295 + 72 = r. Suppose 0 = 4*a + 89 - h. Let t(c) be the third derivative of -c**5/60 + c**4/4 + c**3/3 - c**2. Determine t(a).
2
Let f(y) = -23 - 9 - 4*y - y + 19*y. Let h(p) = -5*p + 11. Let b(z) = 6*f(z) + 17*h(z). Determine b(4).
-9
Let j(i) = 5*i + 4*i - 1 + 6*i + i**2 - 7*i. Calculate j(-10).
19
Let h be 6/(-1*2 + 11/4). Suppose 11*z + h + 3 = 0. Let b(y) = 3*y**3 + 2*y + 1. Determine b(z).
-4
Let h(l) be the third derivative of -l**6/120 + l**4/12 - l**3/6 + 23*l**2 + 2. Give h(1).
0
Suppose -2*z - 5*z - 35 = 0. Let h(j) = 5*j**2 + j**3 - j**2 + 19 - 22 + 3*j + 2*j**2. Give h(z).
7
Suppose -d + 5 = 2*b, 4*d - 2 = 2*d + 4*b. Let x(s) = -s**2 + 1. Calculate x(d).
-8
Let p(h) = 7*h**2 + 10*h + 6. Let k(x) = 13*x**2 + 19*x + 11. Let z(s) = 6*k(s) - 11*p(s). Let q(y) = -2*y + 6. Let b be q(4). What is z(b)?
-4
Let v(f) = -f + 1. Let q(b) = -2. Let z(d) = q(d) - v(d). Let s be z(5). Suppose -3*l = -5*r + 6, 0*l = 4*r + s*l + 4. Let y(p) = p + 10. Determine y(r).
10
Let z(v) = -v**2 + v. Let g be -2 + 0 - -2*(3 + -2). Suppose g*x - 4*x = -8. What is z(x)?
-2
Let d be (-2)/(-14) - 2/((-112)/104). Let a(w) = -6*w**2 + 2*w - 3. Give a(d).
-23
Let w(f) = 9*f**2 + 14*f - 4. Let x(k) = 2*k**2 + 2*k. Let r(z) = w(z) - 5*x(z). Let l = -5 + 9. Determine r(l).
-4
Let w(q) be the first derivative of -q**3/3 - q**2 + 3*q + 19. Calculate w(0).
3
Let d(u) = u**2 + 3*u - 1. Let o(x) = 2*x. Let q be o(0). Give d(q).
-1
Let m(i) = i**3 + 2*i**2 + i + 1. Let y be m(-2). Let p(d) = -23*d**2 - 2*d - 4. Let b(l) = 94*l**2 + 9*l + 18. Let k(a) = -2*b(a) - 9*p(a). Give k(y).
19
Let q(j) = 2*j - 2. Suppose -8*s - 6 - 10 = 0. Let d be s + 11 + 0/1. What is q(d)?
16
Let d(k) = k**3 - 21*k**2 + 19*k + 26. Let p be d(20). Suppose h = p*h - 15. Let i(f) = -6*f + 2. Give i(h).
-16
Let m(a) = -a**2 + a. Let y be (-1)/(-1 - (-117)/120). Let t be 8/(-36) - y/(-18). Let o(s) = s**2 - 3*s + 5. Let z(q) = t*m(q) + o(q). What is z(-4)?
-7
Let l(q) = -2*q**2 - 1386*q + 12 + q**2 + 1387*q. Give l(0).
12
Suppose 6*r + 4 = 4*q + 2*r, q + 4 = 2*r. Let l(a) = a**2 - 7*a + 7. Calculate l(q).
1
Let w = 15 + 27. Let u = -48 + w. Let q(k) = -k - 5. Calculate q(u).
1
Let z(o) = o**2 - o**3 + 3 + 2*o**2 - 2*o**2 + 3*o**2 - 4*o. Let t be 1*5/((-20)/8). Let v be 6/24*(-24)/t. Give z(v).
0
Suppose 48*z - 135 = -39*z + 126. Let i(p) = 2*p**2 + p - 5. Let j(k) = 2*k**2 - 4. Let x(q) = -3*i(q) + 4*j(q). What is x(z)?
8
Let h(v) = -2*v**2 - 1. Let p(l) = 9*l**2 - 4*l + 14. Let n(z) = -4*h(z) - p(z). Calculate n(4).
-10
Let k(a) = a**3 - 6*a**2. Let j be ((-72)/(-32))/((-6)/(-16)). Let h = -4 + j. Suppose -6 = w - h*w. Calculate k(w).
0
Let r(w) = 2769*w**3 - 2768*w**3 + 19*w + 6 + 9*w**2 + 10*w**2. Calculate r(-18).
-12
Let j(x) = 4 - 8 + 3 - 6*x. Calculate j(-1).
5
Let a(k) = 17*k**2 - 13*k - 5. Let z(g) = 8*g**2 - 6*g - 2. Let d(i) = -2*a(i) + 5*z(i). Determine d(3).
42
Let g(u) be the first derivative of u**2/2 + 3. Let f(s) = -5*s + 5. Let t(h) = f(h) + 6*g(h). Let v(p) = -2*p - 7. Let q be v(-6). What is t(q)?
10
Let a(j) = -j**3 + 6*j**2 - 4*j + 6. Suppose -10*w = -9*w - 18. Let o = 23 - w. Determine a(o).
11
Suppose -18 = -2*w + 2*d, 5*w - 40 = 8*d - 4*d. Let g(k) = -3*k + 2. What is g(w)?
-10
Suppose 2*d = -6 - 6. Let h be 1 - ((-3)/(-12) + d/(-8)). Let f(j) = j**3 + j + 2. What is f(h)?
2
Suppose 4*p - 3*p = 0. Let c(w) = 2*w**3 + 3*w**2 - 3*w + 3. Let u(z) = -3*z**3 - 4*z**2 + 4*z - 2. Let s(q) = -4*c(q) - 3*u(q). What is s(p)?
-6
Let g(z) = -z - 3. Let h(s) = -s - 2. Let x(b) = -5*g(b) + 7*h(b). Suppose 256*v + 1600 = -144*v. Give x(v).
9
Let p be (6/(-9))/(4/6). Let f(u) = -6*u**2 + 4*u - 1. Let t(z) = -6*z**2 + 3*z - 1. Let h(l) = -4*f(l) + 5*t(l). Determine h(p).
-6
Let j(n) be the second derivative of -n**4/12 + 3*n**3/2 + 3*n**2 + 21*n. Determine j(9).
6
Let l(h) = 2*h + 1. Let v be l(1). Suppose 0 = -5*g - v*b - 1, -2*g - 12 = -6*g + 4*b. Let u(n) = 4*n. Give u(g).
4
Let h(m) = -m**3 + 8*m**2 - 8*m + 9. Let g be h(7). Suppose 2*p + g*p = 0. Let s(i) be the third derivative of i**5/60 - 7*i**3/6 + i**2. Calculate s(p).
-7
Let j(l) = -7 - 6*l**2 + 3 - 1 - l**3. Let t = -1340 + 1334. Calculate j(t).
-5
Let f = 1 - -1. Let w(z) be the third derivative of -z**5/120 + z**4/12 - z**3/3 - 8*z**2. Let a(q) be the first derivative of w(q). Calculate a(f).
0
Let v = 43 - 24. Let u = -21 + v. Let q(t) be the third derivative of t**5/30 + t**4/6 + t**3/3 - 2*t**2. Give q(u).
2
Let p(o) = 27*o**2 - 43*o**2 - 2 - 6*o + 17*o**2. Determine p(3).
-11
Let k be (-20)/3 + 6/(-18). Let i(w) = -4*w - 5. What is i(k)?
23
Let n(y) = y**3 + y**2 - 3*y - 1. Let x be (5 - 2)*11/3. Let o(r) = -4*r - 13. Let d be o(-4). Suppose -5*k + 7 + 3 = -4*l, d*k = -l - x. Determine n(k).
1
Let f(j) = -171 - 168 + 506 - 7*j - 165. What is f(3)?
-19
Let t(w) = -4*w + 1. Suppose -7*k - 2*k = -108. Suppose -13*l - 1 = -k*l. What is t(l)?
5
Suppose 18 = 85*h - 79*h. Let s(r) = -3*r - 2 + 2*r + 5*r. Give s(h).
10
Let 